1, what is -1 - -a979?
a978
In base 5, what is -3 - 20340011?
-20340014
In base 4, what is 111320 - -133?
112113
In base 14, what is -a1610 - -3?
-a160b
In base 6, what is -2 + -1303030?
-1303032
In base 8, what is 0 + -3404175?
-3404175
In base 5, what is 144 + -11200?
-11001
In base 6, what is -12411214 - 0?
-12411214
In base 14, what is 9786 - 0?
9786
In base 15, what is -dd8e3 + -1?
-dd8e4
In base 3, what is 11 - 110002011101?
-110002011020
In base 7, what is 2355 + 63?
2451
In base 6, what is 515304 + -3?
515301
In base 6, what is -21 - -215021?
215000
In base 4, what is -100103223 - -11?
-100103212
In base 4, what is 121112 + 101123?
222301
In base 13, what is -18 - -8cb?
8b3
In base 15, what is 1708 + -a5?
1653
In base 15, what is -2c04 - 16?
-2c1a
In base 15, what is 83c + -d?
82e
In base 4, what is -1211332 + -3?
-1212001
In base 3, what is 10000021 + -1?
10000020
In base 13, what is -10460 - 31?
-10491
In base 16, what is 4b8 - a44?
-58c
In base 7, what is 13015 + -23?
12662
In base 7, what is 11 - 210606?
-210565
In base 15, what is -d6d76 + -4?
-d6d7a
In base 11, what is -5 + 568a?
5685
In base 14, what is -42b650 + 2?
-42b64c
In base 2, what is 10011111 - 100111010001?
-100100110010
In base 15, what is 28a - 4d?
23c
In base 8, what is 5 + 13502?
13507
In base 6, what is 40 + 15203?
15243
In base 12, what is 312a9 + -80?
31229
In base 4, what is -10 - -123231013?
123231003
In base 4, what is 1020020 - 1133?
1012221
In base 10, what is -117 - -108?
-9
In base 3, what is 100222012 + -1202?
100220110
In base 15, what is -1 - -12605?
12604
In base 13, what is -4 - 9178?
-917c
In base 8, what is 115367 + 5?
115374
In base 4, what is 102 + -11023?
-10321
In base 15, what is d6 - -26e?
355
In base 12, what is 16 - -20647?
20661
In base 6, what is 101 - -3305?
3410
In base 6, what is 35300 + 114?
35414
In base 2, what is 11101 - -1011001010?
1011100111
In base 5, what is 1410 - -1004?
2414
In base 16, what is -1f0be - -1c?
-1f0a2
In base 4, what is 2 + 301021002?
301021010
In base 5, what is 312324 + 21?
312400
In base 10, what is -3 + -9997?
-10000
In base 5, what is 20 - 24422?
-24402
In base 3, what is -1 - 11221121020?
-11221121021
In base 2, what is 11010001101110010110100 + -11?
11010001101110010110001
In base 5, what is -2012 + 2123?
111
In base 9, what is 4 + -20504?
-20500
In base 3, what is 10000 - 2000112?
-1220112
In base 3, what is 10 + 110200220210?
110200220220
In base 9, what is -3878 - 0?
-3878
In base 6, what is 53105 + 13?
53122
In base 5, what is -1 + -23303?
-23304
In base 2, what is -1100100 - 10000?
-1110100
In base 15, what is -2359a - -1?
-23599
In base 12, what is -28 - -19857?
1982b
In base 5, what is 444431 - 10?
444421
In base 2, what is -101 + 11110101010?
11110100101
In base 6, what is -5330130 - -1?
-5330125
In base 2, what is 100011101 + -1101011111110?
-1100111100001
In base 16, what is -28 - 29fd3?
-29ffb
In base 2, what is 1100100001110100010 - 100?
1100100001110011110
In base 15, what is -749 - -1?
-748
In base 3, what is 1111211 - 1002?
1110202
In base 7, what is -121 - 155?
-306
In base 14, what is 318b7 - 0?
318b7
In base 8, what is -3 - -12165?
12162
In base 8, what is 646253 + -4?
646247
In base 7, what is -1553 - -46?
-1504
In base 2, what is 11001110001 - -1011101?
11011001110
In base 12, what is -19b27 + 60?
-19a87
In base 10, what is -81 - 14608?
-14689
In base 11, what is -66a - 90?
-74a
In base 11, what is 2783 - 22?
2761
In base 12, what is -2a6b3 - -6?
-2a6a9
In base 15, what is 3 + 1eea?
1eed
In base 9, what is 7 - 17055?
-17047
In base 2, what is -1101001110 - -111?
-1101000111
In base 15, what is 56e - 7?
567
In base 16, what is -2 - -23b8a?
23b88
In base 3, what is 21112000220 + -20?
21112000200
In base 6, what is 143 - -1035?
1222
In base 4, what is -3 + 3012330?
3012321
In base 5, what is -144 + -23114?
-23313
In base 3, what is -102102 + 1020?
-101012
In base 8, what is -117716 + 2?
-117714
In base 2, what is 11001 - 1000010110000010?
-1000010101101001
In base 16, what is 2f + f7f?
fae
In base 8, what is 5 - 51347?
-51342
In base 8, what is -2304356 - -1?
-2304355
In base 11, what is 3a38 - 96?
3952
In base 5, what is -10 + -32103013?
-32103023
In base 10, what is -205860 + 4?
-205856
In base 9, what is -132340 + 1?
-132338
In base 16, what is 1 - -42990?
42991
In base 16, what is -531da - 3?
-531dd
In base 6, what is 55123 + 503?
100030
In base 4, what is 1101313 + -100321?
1000332
In base 2, what is 1 - -110010110101010?
110010110101011
In base 15, what is -db7 + 3?
-db4
In base 6, what is 132302 + -105?
132153
In base 13, what is -7a97 - 2?
-7a99
In base 12, what is -37 - -2897?
2860
In base 13, what is 6307 - 3c?
6298
In base 10, what is -6105 - 21?
-6126
In base 7, what is 13100 + -4?
13063
In base 11, what is -14a59 + -3?
-14a61
In base 15, what is 811a20 - -2?
811a22
In base 15, what is -3a - d1?
-11b
In base 10, what is -61 - 532?
-593
In base 8, what is -153 + -604?
-757
In base 11, what is 29 - -6a4?
722
In base 14, what is a + -68c4c?
-68c42
In base 9, what is -31811 + -2?
-31813
In base 4, what is -221203 + 120?
-221023
In base 13, what is 5 + -97000?
-96cc8
In base 7, what is -465420 + -5?
-465425
In base 9, what is 1 + 157466?
157467
In base 5, what is 0 + 321224?
321224
In base 7, what is -21263 - 3?
-21266
In base 3, what is -102001021 - 111?
-102001202
In base 11, what is -1 + 1845a0?
18459a
In base 7, what is 112120 + -4?
112113
In base 4, what is 0 + 113123302?
113123302
In base 10, what is 4195 + 29?
4224
In base 15, what is -10 - -a35?
a25
In base 2, what is 111010010010101 + 1000?
111010010011101
In base 5, what is 14402 + -43?
14304
In base 7, what is -10062501 + -4?
-10062505
In base 2, what is 100100111111011100110 + -101?
100100111111011100001
In base 4, what is -303100 + 200?
-302300
In base 8, what is -2 + 35402?
35400
In base 8, what is -24423 + -6?
-24431
In base 9, what is -1306 + -151?
-1457
In base 2, what is -1 - -1001011001?
1001011000
In base 16, what is 5 - -abf6?
abfb
In base 8, what is -14131171 - -1?
-14131170
In base 4, what is -3 - -2023330?
2023321
In base 2, what is 100111111001 - -11010111?
101011010000
In base 2, what is -101001001000011001 - 11?
-101001001000011100
In base 8, what is -14 - 376632?
-376646
In base 2, what is -11110001001010 + -10?
-11110001001100
In base 5, what is -2 - -242400233?
242400231
In base 8, what is 121 + -725?
-604
In base 15, what is -53 - -3a4?
351
In base 5, what is -342240 + 20?
-342220
In base 15, what is 3 + 37113?
37116
In base 15, what is -14b6ca - -5?
-14b6c5
In base 12, what is 9 - 1119?
-1110
In base 15, what is -4d1711 - -4?
-4d170c
In base 12, what is 771 + 1b?
790
In base 16, what is -25b - -be0?
985
In base 12, what is 291 + -26?
267
In base 7, what is -13 - 3040?
-3053
In base 9, what is 5083634 + -3?
5083631
In base 15, what is 14a8 - 10e?
1399
In base 2, what is 1100010101110100 + -10?
1100010101110010
In base 3, what is -112221221000 - -1?
-112221220222
In base 15, what is -3bbc + -6a?
-3c37
In base 10, what is -133 - -624?
491
In base 11, what is 859 + -42?
817
In base 16, what is -4ada + 0?
-4ada
In base 10, what is -160 - -763?
603
In base 8, what is 4524 + 1132?
5656
In base 2, what is 1000100011 - 100101000?
11111011
In base 14, what is -4 - 364a?
-3650
In base 10, what is -640988 + 0?
-640988
In base 3, what is -11020 - 2101121?
-2112211
In base 14, what is dc - -46?
144
In base 2, what is -11011001110000110100 + 0?
-11011001110000110100
In base 16, what is 4 - -2c132?
2c136
In base 14, what is -1 - -1adc?
1adb
In base 13, what is 346 - 150?
1c6
In base 7, what is -16544 - 4?
-16551
In base 6, what is -1 - -2105523?
2105522
In base 11, what is 190 + -436?
-256
In base 3, what is -12 - -10201022101?
10201022012
In base 13, what is -2300 + b?
-22c2
In base 14, what is -4 + aa2?
a9c
In base 10, what is 125857 - -7?
125864
In base 10, what is 880 - 19?
861
In base 3, what is 2 - -2200120021?
2200120100
In base 4, what is -10 + -2233220?
-2233230
In base 6, what is -540 + 0?
-540
In base 16, what is -305aa + -5?
-305af
In base 13, what is -38 + 1274?
1239
In base 9, what is -108 + 648?
540
In base 13, what is -1141 - -a5?
-1069
In base 8, what is -66 - 7615?
-7703
In base 4, what is -1